ors of 166977.
3, 18553
What are the prime factors of 25659454?
2, 59, 101, 2153
List the prime factors of 8872072.
2, 11, 41, 2459
What are the prime factors of 2663360?
2, 5, 7, 29, 41
List the prime factors of 15245855.
5, 17, 83, 2161
List the prime factors of 651174.
2, 3, 108529
What are the prime factors of 908746?
2, 113, 4021
What are the prime factors of 15475765?
5, 83, 89, 419
What are the prime factors of 191299?
191299
List the prime factors of 3931215.
3, 5, 137, 1913
What are the prime factors of 11896?
2, 1487
What are the prime factors of 4832831?
97, 49823
List the prime factors of 1657883.
19, 87257
List the prime factors of 997211.
23, 191, 227
List the prime factors of 973224.
2, 3, 7, 1931
What are the prime factors of 388960?
2, 5, 11, 13, 17
List the prime factors of 3680603.
109, 33767
List the prime factors of 5082795.
3, 5, 112951
List the prime factors of 24096535.
5, 29, 166183
List the prime factors of 1421732.
2, 13, 19, 1439
List the prime factors of 183529.
223, 823
What are the prime factors of 114320?
2, 5, 1429
What are the prime factors of 4464304?
2, 13, 127
List the prime factors of 3745541.
83, 45127
List the prime factors of 329097.
3, 163, 673
List the prime factors of 6279598.
2, 13, 23, 10501
What are the prime factors of 115176?
2, 3, 4799
List the prime factors of 207270.
2, 3, 5, 7, 47
List the prime factors of 460348.
2, 7, 41, 401
What are the prime factors of 836244?
2, 3, 29, 89
List the prime factors of 82393.
82393
List the prime factors of 13028401.
31, 420271
What are the prime factors of 91743?
3, 53, 577
What are the prime factors of 59163?
3, 13, 37, 41
What are the prime factors of 9733039?
31, 313969
List the prime factors of 7910.
2, 5, 7, 113
List the prime factors of 49730.
2, 5, 4973
List the prime factors of 792963.
3, 43, 683
What are the prime factors of 742462?
2, 7, 181, 293
List the prime factors of 2234408.
2, 11, 25391
What are the prime factors of 13546824?
2, 3, 17, 33203
What are the prime factors of 768904?
2, 223, 431
What are the prime factors of 229144?
2, 28643
List the prime factors of 15209.
67, 227
List the prime factors of 148978.
2, 74489
What are the prime factors of 1967524?
2, 13, 157, 241
List the prime factors of 7085852.
2, 1771463
List the prime factors of 550934.
2, 47, 5861
What are the prime factors of 4111439?
41, 100279
List the prime factors of 302233.
19, 15907
What are the prime factors of 32251588?
2, 19, 47, 9029
What are the prime factors of 129824?
2, 4057
What are the prime factors of 1290662?
2, 269, 2399
List the prime factors of 2779440.
2, 3, 5, 37, 313
What are the prime factors of 92260?
2, 5, 7, 659
What are the prime factors of 288061?
288061
List the prime factors of 181733.
263, 691
What are the prime factors of 965552?
2, 7, 37, 233
What are the prime factors of 260165?
5, 61, 853
What are the prime factors of 541333?
13, 41641
What are the prime factors of 941274?
2, 3, 17431
List the prime factors of 12959359.
7, 1851337
What are the prime factors of 1902283?
17, 149, 751
What are the prime factors of 3479422?
2, 727, 2393
What are the prime factors of 1632114?
2, 3, 11, 8243
List the prime factors of 931644.
2, 3, 7, 3697
List the prime factors of 88694.
2, 61, 727
List the prime factors of 16581549.
3, 1951, 2833
List the prime factors of 197885.
5, 19, 2083
What are the prime factors of 4079479?
4079479
List the prime factors of 3085237.
3085237
What are the prime factors of 5542181?
2293, 2417
What are the prime factors of 1600592?
2, 7, 31, 461
List the prime factors of 114678.
2, 3, 23, 277
List the prime factors of 7363553.
461, 15973
What are the prime factors of 37720299?
3, 23, 546671
List the prime factors of 125211.
3, 41737
What are the prime factors of 107831?
17, 6343
What are the prime factors of 1791270?
2, 3, 5, 13, 1531
What are the prime factors of 128618?
2, 7, 9187
What are the prime factors of 19721850?
2, 3, 5, 131479
List the prime factors of 6100200.
2, 3, 5, 3389
List the prime factors of 620828.
2, 13, 11939
List the prime factors of 1006434.
2, 3, 11, 13, 17, 23
What are the prime factors of 122303?
19, 41, 157
List the prime factors of 4097501.
937, 4373
What are the prime factors of 46203?
3, 15401
List the prime factors of 222233.
11, 89, 227
List the prime factors of 16209083.
11, 1473553
List the prime factors of 416936.
2, 13, 19, 211
What are the prime factors of 313641?
3, 34849
List the prime factors of 1474536.
2, 3, 7, 67, 131
List the prime factors of 1534360.
2, 5, 89, 431
List the prime factors of 151470.
2, 3, 5, 11, 17
List the prime factors of 12594137.
12594137
List the prime factors of 229117.
7, 71, 461
List the prime factors of 291397.
17, 61, 281
What are the prime factors of 99550?
2, 5, 11, 181
List the prime factors of 7128704.
2, 11, 61, 83
List the prime factors of 2487999.
3, 397, 2089
What are the prime factors of 1043237?
13, 6173
What are the prime factors of 1348991?
7, 103, 1871
What are the prime factors of 356277?
3, 103, 1153
List the prime factors of 4277389.
113, 37853
What are the prime factors of 1894302?
2, 3, 105239
What are the prime factors of 7568902?
2, 11, 149, 2309
What are the prime factors of 187596?
2, 3, 193
List the prime factors of 7501731.
3, 113, 22129
List the prime factors of 10223089.
173, 59093
What are the prime factors of 7711284?
2, 3, 7, 91801
List the prime factors of 549991.
13, 42307
What are the prime factors of 3493862?
2, 29, 59, 1021
What are the prime factors of 112440?
2, 3, 5, 937
List the prime factors of 3187894.
2, 1593947
What are the prime factors of 6523187?
11, 53, 67, 167
List the prime factors of 7605692.
2, 137, 13879
List the prime factors of 1926068.
2, 19, 25343
What are the prime factors of 6427608?
2, 3, 11, 97, 251
What are the prime factors of 12073801?
12073801
What are the prime factors of 5714204?
2, 1093, 1307
What are the prime factors of 425533?
425533
What are the prime factors of 10275394?
2, 223, 23039
What are the prime factors of 2393583?
3, 17, 46933
What are the prime factors of 5282763?
3, 1760921
What are the prime factors of 4253407?
401, 10607
List the prime factors of 63160.
2, 5, 1579
List the prime factors of 844948.
2, 13, 16249
List the prime factors of 15315322.
2, 11, 193, 3607
What are the prime factors of 1731935?
5, 97, 3571
List the prime factors of 524597.
227, 2311
List the prime factors of 216297.
3, 8011
What are the prime factors of 953989?
17, 3301
What are the prime factors of 13024144?
2, 7, 103, 1129
What are the prime factors of 2105455?
5, 11, 38281
What are the prime factors of 270220?
2, 5, 59, 229
What are the prime factors of 854469?
3, 7, 11, 137
List the prime factors of 385708.
2, 211, 457
What are the prime factors of 8041687?
977, 8231
List the prime factors of 22758473.
1949, 11677
List the prime factors of 39843.
3, 19, 233
List the prime factors of 16324605.
3, 5, 11, 10993
List the prime factors of 502819.
502819
List the prime factors of 3940882.
2, 11, 271, 661
What are the prime factors of 505037?
13, 53, 733
List the prime factors of 10160202.
2, 3, 13, 130259
What are the prime factors of 197196?
2, 3, 16433
What are the prime factors of 7597760?
2, 5, 23743
What are the prime factors of 448550?
2, 5, 8971
List the prime factors of 6215231.
11, 41, 13781
What are the prime factors of 197911?
7, 577
List the prime factors of 310338.
2, 3, 7, 821
What are the prime factors of 1970167?
19, 97, 1069
List the prime factors of 76490.
2, 5, 7649
List the prime factors of 498853.
233, 2141
What are the prime factors of 583271?
13, 44867
List the prime factors of 1461457.
443, 3299
List the prime factors of 906530.
2, 5, 269, 337
List the prime factors of 603191.
603191
What are the prime factors of 64053?
3, 11, 647
List the prime factors of 16151760.
2, 3, 5, 22433
List the prime factors of 188352.
2, 3, 109
List the prime factors of 1229283.
3, 11, 4139
What are the prime factors of 14978970?
2, 3, 5, 149, 1117
List the prime factors of 695957.
23, 30259
What are the prime factors of 1383581?
241, 5741
What are the prime factors of 506968?
2, 7, 11, 823
What are the prime factors of 3927925?
5, 59, 2663
What are the prime factors of 12622636?
2, 13, 17, 